 -3*b**3 - 9*b**2 - b + 7. Let r(s) = 2*c(s) + 7*v(s). What are the prime factors of r(-7)?
2
Suppose 52 = 4*h - 0. List the prime factors of h.
13
Let y(b) = -b**2 + 4*b + 6. Let c be y(7). Let i = c - -27. Let t = i - 6. List the prime factors of t.
2, 3
Suppose 1 = 4*f - 3*k, -k + 5 = 3*f + k. List the prime factors of (f/3)/((-11)/(-363)).
11
Suppose -3*v - v - 5*j = -270, v - 59 = 3*j. List the prime factors of v.
5, 13
What are the prime factors of 660/6 - (0 + 5)?
3, 5, 7
Let d be 4 + 8 + -1 + 2. Let k = 13 + d. What are the prime factors of k?
2, 13
Let k(v) = -5*v + 88. List the prime factors of k(-27).
223
Let y(p) = 3*p + 36. What are the prime factors of y(15)?
3
Suppose -r + 28 = -2*r. Let z = r + 46. List the prime factors of z.
2, 3
Let k be (3/6)/((-2)/16). Let f = 28 + k. List the prime factors of f.
2, 3
Suppose -3*s - s + 380 = 0. What are the prime factors of s?
5, 19
Let g(l) = 6*l**3 - 1. Let f be g(1). Let z = 27 + -24. Suppose z*t + 0*t + 41 = 4*w, f*t = -2*w + 53. List the prime factors of w.
2, 7
Let w(p) = 2*p - 7. Let u(d) = d - 2. Let k be u(7). Let q be w(k). Suppose t - q = -0*t. What are the prime factors of t?
3
Suppose b - 4*b - 2*n - 1 = 0, 4*n = -5*b - 5. Suppose 7*r - 2*u = 2*r + 77, 3*r - u - 46 = 0. Suppose b*h + r = 42. List the prime factors of h.
3
Let d(v) = v**3 + 8*v**2 + 5*v + 9. Let r = 5 + -11. Let c be d(r). Suppose -5*l - 3*t = -c, -l = -0*l - 3*t - 3. What are the prime factors of l?
3
Let v be (-2)/(-9) + (-318)/(-27). List the prime factors of (-20)/(-8)*v/5.
2, 3
Suppose 4*a = 8 - 32. Let c = -3 - a. Suppose 3*j - 4*j + c*h = -18, -2*j - 14 = 4*h. List the prime factors of j.
3
Let f be 10/(-15) - 16/(-6). Suppose 0 = -f*w + 9 + 17. What are the prime factors of w?
13
Suppose 5*f = -20, -b + 4*f = 4*b - 21. What are the prime factors of (2 - -8) + -1 + b?
2, 5
Let k(y) = -y**3 - 6*y**2 - 4*y. Let z be k(-5). Let g = z - -21. What are the prime factors of g?
2
Let m = -3 + 7. Let x = -13 + 16. Suppose m*u - 2*c - 63 = x*c, c = 3*u - 39. List the prime factors of u.
2, 3
Suppose 4*k = -r + 4, 4 = -r + 2*r - 2*k. Suppose -11 = -3*v - 5*q + 45, r*v + 4*q = 80. What are the prime factors of v?
2, 11
Let w(f) = -f + 13. Let t be w(0). Let x = 46 - -1. Suppose 5*v = t + x. What are the prime factors of v?
2, 3
Suppose -3*d - 22 = -d. Let y = 20 + d. What are the prime factors of y?
3
Suppose 2*k + 344 = 6*k. What are the prime factors of k?
2, 43
Let s(t) = -t + 12. Suppose 2*p - 45 = -3*p. Let b be s(p). Suppose b*v = 5*z + 64, -4*v - 2*z = -7*z - 77. List the prime factors of v.
13
Suppose 0*q = -2*q + 46. Let r = q + 8. What are the prime factors of r?
31
Let g(z) = z + 1. Let a be g(3). List the prime factors of (-16)/(-6) + a/(-6).
2
Suppose -3*y - 2*c = -48, -4*y - 13 = -4*c - 97. What are the prime factors of y?
2, 3
Suppose -3*r - 192 = -7*s + 3*s, 5*s - 240 = -r. List the prime factors of s.
2, 3
Suppose 2*t - 4*o - 10 = 0, -t = 2*t - 3*o - 12. Suppose t*h + h - 52 = 0. What are the prime factors of h?
13
Let o(g) = g**2 - 7*g - 13. List the prime factors of o(9).
5
Let i = 33 - 12. Let f = i - 12. List the prime factors of f.
3
Suppose -g - 3*g + 16 = 0. Suppose 1 + 7 = 5*a - 2*x, -8 = -2*a - g*x. What are the prime factors of a?
2
Let t = -54 + 144. List the prime factors of t.
2, 3, 5
Suppose -2 = -z + 2. Suppose s - z*u = -0*u + 12, -4*s = u - 48. What are the prime factors of s?
2, 3
Let f = 34 + -12. What are the prime factors of f?
2, 11
Let v(j) be the third derivative of j**6/120 - j**5/30 - j**4/4 - 2*j**3/3 - 6*j**2. What are the prime factors of v(5)?
41
Let c(g) = g**2 + g. Let t be c(3). What are the prime factors of t - (4 - (3 - 0))?
11
Let h = -15 + 43. List the prime factors of h.
2, 7
Suppose -2*c + 4*a + 8 = 0, -3*c - 2*a - 5 = 7. Let p = c + 5. Suppose 10 = p*k + 2*k. What are the prime factors of k?
2
Suppose -110 = -4*q + 2. Let f = q - 18. List the prime factors of ((-80)/(-25))/(2/f).
2
Let u = -15 + 31. Suppose 3*d - 55 + u = 0. List the prime factors of d.
13
Suppose -3*q + 32 = -4. Suppose 5*g - g - q = 0. What are the prime factors of g?
3
Suppose 2*h + r = -2, -7*r - 8 = -5*h - 3*r. Let m be -1 + (2 - (-2 + 0)). List the prime factors of (h - m)/((-3)/8).
2
Suppose -31 = -3*w + 77. Let o = w - -10. What are the prime factors of o?
2, 23
Let k = 4 + -3. Let i(a) = -9*a**2. Let q be i(k). List the prime factors of 12/q*(-2 - 4).
2
Let i = 74 - 15. What are the prime factors of i?
59
Suppose 0 = -3*j - j + 700. List the prime factors of j.
5, 7
Suppose -v - v = -2. Let o be (0 + 1)*(-6 - 1). Let m = v - o. List the prime factors of m.
2
Let x = 160 + -83. List the prime factors of x.
7, 11
Let z(b) = 3*b + 2. Let p be z(3). Let r be 4/(-10) - 32/(-5). Let i = p - r. What are the prime factors of i?
5
Let a(w) = -3 - 1 - 8 + 3*w. List the prime factors of a(9).
3, 5
Suppose 5*v + v - 24 = 0. List the prime factors of v.
2
Suppose 0*z + 5*z - 210 = 0. List the prime factors of z.
2, 3, 7
Let g be (-6)/(-4)*8/3. Suppose 0 = -3*p - p + t + 38, -8 = g*t. What are the prime factors of p?
3
Let u = 18 - 13. Suppose 0 = u*s - 250 - 170. Suppose -2*y = -4*m + 72, -5*m = -y - 0*y - s. What are the prime factors of m?
2
Let l = 15 + -11. Let d = l - 2. Suppose 0 = m + 4*k - 15, 3*m + d*k - 4 = 21. List the prime factors of m.
7
Suppose -2*x - 3*o + 51 = 0, 3*x - 3*o = 161 - 47. List the prime factors of x - 1 - (13 - 9).
2, 7
Let y(d) = -2*d + 3. Suppose 5*h = -0*h - 15. List the prime factors of y(h).
3
Let i(f) = 2*f + 17. Let b be i(-8). Let a = b + 15. List the prime factors of a.
2
Let v be (-42)/28*(-22)/(-3). What are the prime factors of v/(-55) + (-9)/(-5)?
2
Let p(t) = -t**2 - 4*t + 3. Let j be (10/(-6))/(4/12). Let a(v) = v**3 + 4*v**2 - 3*v + 6. Let l be a(j). List the prime factors of p(l).
3
Let a = 14 - 9. Suppose 29 = a*m + 4. List the prime factors of m.
5
Let l(o) be the second derivative of -13*o**5/20 + o. List the prime factors of l(-1).
13
Let x(f) = f - 3. Let w be x(-4). Let o(g) = g**3 + 7*g**2 - 2*g - 8. Let r be o(w). List the prime factors of ((-1)/1)/(r/(-30)).
5
Let b be (2 - -1)/(6/(-8)). List the prime factors of ((-35)/20)/(1/b).
7
Suppose 3*h - x = -198, 2*x + 66 = h - 2*h. Let s = -32 - h. What are the prime factors of s?
2, 17
Suppose 2*b + 0*b = 0. Let u = -3 - b. What are the prime factors of 14 - (-3 + 8 + u)?
2, 3
Let f = 9 + -5. Suppose 3*w - 17 = 2*w. Suppose q = -d + f, d - 4*d - 2*q = -w. List the prime factors of d.
3
Let k be (6 - 5)*-19*1. Let u = -7 - k. What are the prime factors of u?
2, 3
List the prime factors of ((-1)/((-10)/5))/((-1)/(-326)).
163
What are the prime factors of (-85 + 3)/(-3 + 4 + -2)?
2, 41
Let g(w) = -15*w + 1. Let q be -3 + 4 - (1 - 3). Suppose 0 = -3*y + x - 8, q*y + 2*x = 4*x - 13. List the prime factors of g(y).
2
Let m(a) = -a**2 + 6*a + 10. Let c be 29/4 + 2/(-8). Let j be m(c). Suppose -g + i + 6 - 2 = 0, 0 = -j*i - 3. What are the prime factors of g?
3
Suppose 0 = -2*l + 2*y + 24, -3*y - 64 = -4*l - 15. What are the prime factors of l?
13
Suppose -3*j = -4*j + y + 56, -j + 68 = 3*y. List the prime factors of j.
59
Let v(i) = -7*i - i**3 + 0*i**3 + 6 - 1 + 7*i**2. What are the prime factors of v(5)?
2, 5
Let v(t) = 6*t - 19. What are the prime factors of v(6)?
17
Let g be (-4 + -1)*8/5. What are the prime factors of 4/g - 54/(-4)?
13
Suppose 3*z + 2 = -2*o - 12, 3*z + 5*o + 26 = 0. Let v be (-5 - z)*1 - -1. What are the prime factors of ((-2)/v + -7)/(-1)?
2, 3
Let o(k) = -k**2 - 8*k - 1. List the prime factors of o(-2).
11
Suppose -w + 0*w = 2*z + 1, 25 = 5*w - 5*z. Suppose -4*x + v + 13 + 84 = 0, -5*x = -w*v - 116. What are the prime factors of x?
5
Let f = 18 + -36. What are the prime factors of (21/6)/((-3)/f)?
3, 7
Let f(o) = o**3 + 7*o**2 - 3*o + 1. Suppose 3*r + 23 - 2 = 0. List the prime factors of f(r).
2, 11
Let p be 4/(-22) + 245/77. Let i = -4 + 6. List the prime factors of (p*i)/(2 + 0).
3
Let h be (2/4)/(1/50). Let m = h + -7. List the prime factors of 188/36 - 4/m.
5
Let x = -2 - -5. Let y = x - -8. What are the prime factors of y?
11
Suppose -9*z + 132 = -3*z. List the prime factors of z.
2, 11
Suppose 147 = 4*m - 301. Suppose -4*g + l + l = -90, 5*g - 2*l = m. What are the p